= 46. What is the remainder when p is divided by k?
9
Let s = 50 + -35. Let o = -21 + s. What is the remainder when 46/6 + (-2)/o is divided by 3?
2
Suppose -2*j - 4*a = -4*j + 22, 5*j - 55 = 5*a. Suppose -4*b - 23 = -151. What is the remainder when b is divided by j?
10
Suppose -319 = -5*t - s + 2*s, 12 = -3*s. Suppose n - 51 = -5*g + 109, 4*g = -n + 128. Calculate the remainder when t is divided by g.
31
Suppose 4*g - 7 = -3*a + 19, -g = 4*a - 13. Suppose 0 = a*x - 3 - 3. Suppose n + 17 = -3*y + 4, -25 = 5*y. Calculate the remainder when x is divided by n.
1
Suppose 6 = -2*i + 42. Calculate the remainder when 71 is divided by i.
17
Let s = -1 - -9. Let i(o) = -o. Let d be i(1). Let r = 2 - d. What is the remainder when s is divided by r?
2
Let k = -4 - -7. Suppose -k*w - w + 8 = 0. Suppose w*q - 6*q = -16. What is the remainder when 7 is divided by q?
3
Let u(n) = -n + 10. Let i be u(9). Let m(k) = 19*k**3 + k**2 - 2*k + 1. Calculate the remainder when (2 + -1)/((-2)/(-74)) is divided by m(i).
18
Let u = -3 + 5. Suppose 1 = -u*d + 3, -187 = -3*z + 5*d. Calculate the remainder when z is divided by 22.
20
Let y = -7 + 11. Suppose 4*m + 30 = y*w + 6*m, -w = 5*m - 12. Calculate the remainder when 20 is divided by w.
6
Suppose 65*m - 55*m = 100. Let o = 88 - 49. What is the remainder when o is divided by m?
9
Let o(g) = -3*g - 1. Let h be o(-2). Suppose 187 = h*b - 293. Suppose -3*f - b = -6*f. Calculate the remainder when f is divided by 17.
15
Suppose -10 = s - 6*s. Let w = -9 + 13. Calculate the remainder when w is divided by s.
0
Let q(b) = 3*b**2 + 57*b + 8. Calculate the remainder when q(-20) is divided by 12.
8
Let q(s) = -45*s - 1. What is the remainder when q(-1) is divided by 16?
12
Calculate the remainder when 36 is divided by (-1 - (-33)/12)/(12/48).
1
Let s(v) = -v**2 - 13*v + 18. What is the remainder when 14 is divided by s(-14)?
2
What is the remainder when 32 is divided by (-2 - -15) + 0 - 4?
5
Let v(s) = 1 + 2*s - 2*s - 3*s + 7*s + 2*s**2. What is the remainder when v(-6) is divided by 13?
10
Let i be (-2)/((8/9)/4). Let x be i/(-4)*(-8)/(-3). Let r(a) = -a**2 + 10*a - 7. Calculate the remainder when r(x) is divided by 6.
5
Let z(f) = f**2 - 6*f + 7. Let c be z(5). Let i be ((-2)/4)/((-2)/8). What is the remainder when 3 is divided by (-3 + i)/((-1)/c)?
1
Suppose -3*g - g - 3*m + 19 = 0, -2*g + 5 = 3*m. Calculate the remainder when 33 is divided by g.
5
Let z(m) = -m + 2. Suppose -g + 3*d - 35 = 3*g, d + 20 = -5*g. What is the remainder when z(g) is divided by 4?
3
Let o(l) = l**2 + l - 7. Let a be o(5). Let d = -14 + a. What is the remainder when 25 is divided by d?
7
Let q be 3/2*(-4)/3. Calculate the remainder when 11 is divided by 2 + 1 - q/2.
3
Suppose t + 67 = 5*w, -2*w = w + 4*t - 54. What is the remainder when w is divided by 8?
6
Let f = 40 - -24. What is the remainder when f is divided by 18?
10
What is the remainder when 7 is divided by -15*4/(-12) - 0?
2
Suppose -k + 12 = -3*k. What is the remainder when (3/(-2))/(k/56) is divided by (-38)/(-8) - 1/(-4)?
4
Let s = 6 + -2. Let j(b) = b + 16. Let y be j(-10). What is the remainder when s is divided by (-1)/2 + 15/y?
0
Let i be 1/((-21)/(-12) - 2). Let t = 38 + i. Calculate the remainder when t is divided by 12.
10
Suppose -p + 5*j = 4*p - 90, -2*p - 4*j + 6 = 0. Calculate the remainder when p is divided by 4.
1
Let j(y) = -y**2 - y + 45. What is the remainder when j(0) is divided by 18?
9
Suppose -3*k = -2*k. Suppose k = 2*s + s - 9, -2*v + 13 = -5*s. What is the remainder when 40 is divided by v?
12
Calculate the remainder when 222 is divided by -2*113/(-5) - (-3)/(-15).
42
Let a(c) be the first derivative of c**2 + 2*c - 4. Calculate the remainder when 17 is divided by a(4).
7
Suppose -250*j + 245*j + 220 = 0. What is the remainder when j is divided by 8?
4
Let r be 4*(-1 - (-7)/4). Let b be ((-7)/2)/(r/(-12)). Let m = b + -7. Calculate the remainder when m is divided by 3.
1
Let c = -18 - -40. Suppose s - 10 = -4. What is the remainder when c is divided by s?
4
Suppose 5*a + 3*q - 10 = 1, 5*q = 10. Let n = -20 - -33. Let k = n - a. Calculate the remainder when 23 is divided by k.
11
Let x(l) = 5*l + 1. Let c(z) = 5*z + 2. Let v(g) = -5*c(g) + 4*x(g). Calculate the remainder when 27 is divided by v(-4).
13
Suppose 4*v = -b - 0*v - 2, 4*b - 26 = v. Calculate the remainder when 39 is divided by 4*(15/b - 0).
9
Calculate the remainder when (8062/174)/((1/3)/1) is divided by 47.
45
Let b be (-1 - (-3)/5)*-10. Suppose -3*a = -3*y + 9, -4*a + y - 3*y = 30. What is the remainder when (a/3)/((-1)/b) is divided by 3?
2
Let j(w) = w**2 - w - 6. Let d be j(5). Suppose -3*g + 5*g - d = 0. Let p = 4 + g. Calculate the remainder when 21 is divided by p.
10
Let y be (-161 + 3)*3/6. Let g be (-1 + 6)/((-4)/40). Let i = g - y. Calculate the remainder when i is divided by 10.
9
Let g(o) = 3*o + 27. Calculate the remainder when 32 is divided by g(-3).
14
Suppose 22 + 18 = 5*a. Calculate the remainder when 38 is divided by a.
6
Let t = 26 - 18. Suppose -z = -50 + 45. What is the remainder when t is divided by z?
3
What is the remainder when 113 is divided by 215/10 - (-1)/((-6)/(-9))?
21
Let k(a) = -22*a - 2. Let t be k(-3). Let x = t - 23. Calculate the remainder when x is divided by 11.
8
Let h = 44 + -21. What is the remainder when 90 is divided by h?
21
Suppose 12 + 103 = 5*m. Let y(l) = 3*l - 3. Calculate the remainder when m is divided by y(5).
11
Let r = -105 + 186. Calculate the remainder when r is divided by 17.
13
Suppose -n = 3*n - 68. What is the remainder when 29 - (-5 - (-1 + -1)) is divided by n?
15
Suppose -y = 4*n, -n - 16 = -3*y + 23. Suppose -y = -7*l + 3*l. What is the remainder when 10 is divided by l?
1
Suppose -3*s = 50 + 40. Suppose 3*k = 7*k - 268. Let p = k + s. What is the remainder when p is divided by 13?
11
What is the remainder when 3 - -155 - (-4 - 2 - -2) is divided by 33?
30
What is the remainder when 2*12 - (-69)/23 is divided by 9?
0
Suppose -5*y = -f + 29, 0 = -f - 3*f + 3*y + 82. Suppose f = 3*g + 1. What is the remainder when 9 is divided by g?
3
Suppose -4*r = 5*d - 247 - 6, -96 = -2*d + r. What is the remainder when 146 is divided by d?
48
Suppose -n - 25 = -4*o, n + 2 = -n. Suppose 2*h + 2 = o. What is the remainder when 2 is divided by h?
0
Suppose 3*n = -3*r + 9, -18 = -4*n - 4*r + 3*r. What is the remainder when 9 is divided by n?
4
Let x be (-1)/6 + (-1112)/(-48). Let l = x - 16. What is the remainder when 18 is divided by l?
4
Let r(x) = -4*x**3 + x + 5. What is the remainder when r(-3) is divided by 28?
26
Suppose -2 = 2*z - 2*l, -4*l + 5 = -3. Let i = z - -3. Suppose -2*a = -0*v - i*v + 106, 2*a = -v + 19. What is the remainder when v is divided by 9?
7
Let j = 26 - 11. Let x = -6 + j. What is the remainder when 24 is divided by x?
6
Let s = 12 - 9. Calculate the remainder when 18 + (s - (5 - 3)) is divided by 7.
5
Suppose -3*j - 3 = 3. Suppose 4*o - 2 = 2, 4*z - 2*o - 26 = 0. Calculate the remainder when (j/(-1))/((-4)/(-26)) is divided by z.
6
Suppose -2*r + 103 = 3*w, r - w - 227 = -3*r. Calculate the remainder when r is divided by 29.
27
Suppose -2*z + 5*z - 171 = 0. Suppose -4*a - 1 = -z. Let f = 104 + -64. Calculate the remainder when f is divided by a.
12
Suppose 6*n = 3 + 69. What is the remainder when 95 is divided by n?
11
Let v(h) = 2*h - 1. Let c be v(2). Suppose 0 = -g + c*a - 12, -3*g - 2*g = 4*a - 35. What is the remainder when 3 is divided by g?
0
What is the remainder when 15 is divided by ((-3)/6)/((-3)/30)?
0
Let t(o) = -o**3 + 10*o**2 + 14*o - 11. Calculate the remainder when t(11) is divided by 0 + (1 - (-8 - -1)).
6
Let s(d) = -d**2 - 3*d + 7. Let o be s(-6). Let t(c) = -2*c**2 + 2*c - 5. Let r be t(-3). Let x = o - r. What is the remainder when 35 is divided by x?
17
Let w(a) = 2*a**2 + 3*a + 2. Let k be (8/(-4))/(4/6). Let c = 10 + k. What is the remainder when c is divided by w(-2)?
3
Let m be 4/(-1)*(-2)/4. Suppose -a - 3*l + 23 = m*l, -a + 5*l + 3 = 0. What is the remainder when (-335)/(-9) + 4/(-18) is divided by a?
11
Let l be (-1)/(-4) - (-283)/4. Let x = -39 + l. Calculate the remainder when x is divided by 17.
15
Suppose h = -3*s + 2, -4*h + 0*h + 8 = -4*s. Suppose -2*f + 2 = -s*f. Calculate the remain